+ 2*o - 54. List the prime factors of w.
2, 3
Let p(h) = -h**3 + 25*h**2 - 20*h - 41. What are the prime factors of p(24)?
5, 11
Let z(h) be the third derivative of 11*h**6/120 + h**4/24 - h**2. Let c(o) = -o**2 + 3*o + 5. Let u be c(4). List the prime factors of z(u).
2, 3
Suppose 4*l + 5*k - 127 = 0, l + 0*l = -3*k + 30. What are the prime factors of l?
3, 11
Let u(m) = m**3 + 7*m**2 - m - 4. What are the prime factors of u(-6)?
2, 19
Let a = -18 + 47. Let n = a + -21. What are the prime factors of -1 + (n + -2 - -2)?
7
Let f be 13*(-2)/4*-2. Let q(l) = -l**2 - 7*l - 5. Let g be q(-6). Suppose g - f = -r. What are the prime factors of r?
2, 3
Let d(y) = y + 2. Let u be d(-2). Let o(w) = -w**2 - w + 2. Let g(t) = -t**2 - t + 1. Let v(a) = -5*g(a) + 6*o(a). What are the prime factors of v(u)?
7
Let j(n) = n**3 + 9*n**2 + 8*n + 3. Let w be j(-8). Suppose -w*a + 7 = -26. Suppose a = 3*b - 22. What are the prime factors of b?
11
Suppose -4*g + 288 = -4*a, 3*g - 5*g + 152 = 2*a. What are the prime factors of g?
2, 37
Suppose 0 = -2*w - 1 - 3, -5*w + 207 = f. What are the prime factors of f?
7, 31
Let s(u) = u**2 - 4*u + 4. Let z = -5 - -8. Let i be z*((-21)/(-9) + -1). What are the prime factors of s(i)?
2
Suppose 3*w + 48 = 7*w. What are the prime factors of w?
2, 3
Suppose -3*a + 2*m = -0*a - 8, a - 1 = -m. Suppose 2*z = -a*z. Suppose z = -9*d + 4*d + 10. List the prime factors of d.
2
What are the prime factors of (-88)/(-6) + (-24)/(-18)?
2
Suppose b - 4 + 2 = 0. Suppose 2*d = 5*s - 14, -2*d - 3*s + 5*s - b = 0. Suppose 4*m = -3*h + 57 + d, 3*m - 20 = -h. What are the prime factors of h?
2, 5
Suppose -5*z - w - 3*w + 105 = 0, 4*z - 115 = 3*w. List the prime factors of z.
5
Let j(k) = -2*k + 4*k - 2*k + 3*k - 2. Let x = 8 - 5. What are the prime factors of j(x)?
7
Suppose 0*o - 3*o - 4*l + 6 = 0, o + 5*l - 2 = 0. List the prime factors of -21*(o - -2)/(-12).
7
Suppose -2*n + 2*a + 486 = 0, -3*a = 5*n - 6*a - 1215. What are the prime factors of n?
3
Suppose -281 = -2*l + 5*x, -4*l + 2*l + x = -285. List the prime factors of l.
11, 13
Let i(c) = -4*c - 23. List the prime factors of i(-7).
5
Suppose 763 = 3*f - 2*n, 0 = -5*f + 4*f + 2*n + 249. List the prime factors of f.
257
Let b be 3 - (20 - 1/(-1)). Let w = 16 - b. What are the prime factors of w?
2, 17
What are the prime factors of -1 + 36/3 - (-3)/(-1)?
2
Let m = 22 + -21. List the prime factors of (16 - 9)*(m - -3).
2, 7
Let y = -123 + 344. List the prime factors of y.
13, 17
Let m(w) = -w**3 + 9*w**2 + 11*w + 2. Let y be m(10). Let g = -9 + y. What are the prime factors of g?
3
Let r(w) = w**2 - 6*w - 6. Let g = -3 + 9. Let f be (4/g)/((-3)/(-36)). What are the prime factors of r(f)?
2, 5
Suppose r = -4*r + 55. What are the prime factors of r?
11
Let a = 0 - 0. List the prime factors of 14/2 - a/(-6).
7
Let o be 7/(42/(-4))*-6. Let q = 4 - o. Suppose 2*z + q*z = i - 8, 5*i + 4*z = -2. List the prime factors of i.
2
Let r(j) = 19*j + 77. List the prime factors of r(16).
3, 127
Suppose 0 = -k - 4*f - 6, k = 3*k - 2*f - 8. Suppose 51 = k*s + 4*n - 1, 4*n = s - 44. What are the prime factors of s?
2
Let p(m) = -7*m + 2. Let s be p(1). Let h(u) = -u**2 - 6*u + 7. List the prime factors of h(s).
2, 3
Suppose -71 = -3*c - h + 2*h, 3*c - 5*h = 91. List the prime factors of c.
2, 11
Suppose o = -0 + 3. Let f be ((-46)/4)/(o/(-6)). Suppose 0 = -s - 5*z + f, -3*s = -z - 0*z - 37. List the prime factors of s.
13
What are the prime factors of 6/(-4)*20*(-4)/8?
3, 5
Suppose h = -h + 50. Let p = -14 + h. What are the prime factors of p?
11
Suppose 6 = 3*u + 27. List the prime factors of (-236)/u - 4/(-14).
2, 17
Let w be (3 - 2/1)*3. What are the prime factors of (-45 - 0)*w/(-9)?
3, 5
Let d(q) = -4*q - 2. Let k be d(-2). Let t = 3 - 1. List the prime factors of t/k - 29/(-3).
2, 5
Let n = 37 - 14. List the prime factors of n.
23
Let d(g) = -4 + 3 + 3*g**2 - 1 + g**3 + 2*g. Let f be d(-2). What are the prime factors of 68/20 - f/(-5)?
3
Suppose -3*t + 7 = -2*t - 5*z, 2*t - z - 59 = 0. List the prime factors of t.
2
Let b(n) be the first derivative of -33*n**4/4 + n - 3. What are the prime factors of b(-1)?
2, 17
Let r(q) = q**2 + q + 31. Let s be r(0). Suppose g + s = 2*g. List the prime factors of g.
31
Let g(y) = 2*y**2 - y. Let l be g(1). Let a = 28 + l. List the prime factors of a.
29
Let b = 2 + 0. Let q = -1 + b. What are the prime factors of (-6)/(-2)*(2 - q)?
3
Let w(o) = -6 - 1 - o + 4*o. Let m be w(6). Suppose 0 = i + 2*z - m, -3 = -z. What are the prime factors of i?
5
Let c(j) = -j + 8. Let m be c(7). Suppose 3*x + 2*x - 17 = w, -3*w = -2*x - m. List the prime factors of w.
3
List the prime factors of 164/(-6)*-3*(-15)/(-6).
5, 41
Let i(o) = 112*o**2 - 3*o + 3. List the prime factors of i(1).
2, 7
Let f = -21 - -95. What are the prime factors of f?
2, 37
Let h = 17 - 14. List the prime factors of h.
3
Let p be ((0 - -3) + 5)/2. Let a(h) = 6*h**2 - 3*h**3 + 4*h**3 + 4 - 4*h - 2*h**3. What are the prime factors of a(p)?
2, 5
Suppose 2*v - v - 3 = 0. Suppose -z = -4*n - v*z - 4, -3 = n + z. What are the prime factors of (-22)/(-4) + n/2?
2, 3
Let n be (3/(-2))/((-6)/32). Suppose -2*u + 3*u = n. What are the prime factors of u?
2
Let m(y) = 4*y**2 + 2*y - 1. Suppose 5*d - g = 8, -d + 4*g = -4*d - 9. List the prime factors of m(d).
5
Let o be -2 + 2/3*6. Let t = o - 0. What are the prime factors of t?
2
Let c = -92 + 166. What are the prime factors of c?
2, 37
Suppose 44 = -2*k + 108. Suppose 0 = -4*z + k + 4. What are the prime factors of z?
3
Let j = 562 + -251. What are the prime factors of j?
311
Let v(w) = 10*w - 7. Let x be v(9). Let r = -58 + x. What are the prime factors of r?
5
Let h(y) = -y - 7. Let b be h(-5). List the prime factors of b/(2/(-3)) - 0.
3
Let c(o) = 2*o**2 - 3*o - 4. Suppose 2*a + t = 11, 2*a + 3*t - 4*t - 5 = 0. List the prime factors of c(a).
2
Let u(s) = 9*s**2 - s. Let b be u(1). Suppose 2 + b = -5*h. List the prime factors of ((-3)/2)/(h/4).
3
Let a(w) = 5*w**2 - 9*w - 3. Let n be a(4). Let l = 78 - n. What are the prime factors of l?
37
Let j(v) = 9*v - 2. Suppose 0*d + 4 = 2*d. List the prime factors of j(d).
2
Let x = -1 - -5. Suppose -r - x*i - 5 = -6*i, -i + 4 = 0. What are the prime factors of r?
3
Let j = -124 - -63. Let s = 92 + j. List the prime factors of s.
31
Suppose -z - z = -8. Suppose 0 = -z*s + 23 - 7. What are the prime factors of s?
2
Suppose -b - 4*o = 5, -4 = 2*b + 5*o - 0. Suppose w + 154 = b*w. Suppose -4*m + w - 29 = 0. What are the prime factors of m?
2, 3
Let u(l) = -3*l**3 - 2*l**2 - 2*l + 3. Let d be u(-3). Suppose 0 = 4*i - 4*t - d, 3*i - 8*i + 80 = 5*t. List the prime factors of i.
17
Let t = -45 - -101. What are the prime factors of t?
2, 7
Let r(n) = n + 12. Let u be r(-16). Let l(b) be the third derivative of b**5/30 + 5*b**4/24 - b**3/3 + b**2. List the prime factors of l(u).
2, 5
Suppose 0 = -2*o - k + 63, o + k - 30 = -k. What are the prime factors of o?
2
Suppose -6*l + 998 = 386. What are the prime factors of l?
2, 3, 17
Suppose -4*x + 4*o = -x - 340, -2*x - 2*o = -250. List the prime factors of x.
2, 3, 5
Suppose -2*r - 56 + 68 = 0. What are the prime factors of r?
2, 3
Let t = 11 - 21. Let n = t - -19. List the prime factors of ((-15)/(-4))/(n/24).
2, 5
Let z(m) = -m + 67. Let b be z(0). Suppose -y - 25 = -2*y - 5*a, 4*a + b = 5*y. What are the prime factors of y?
3, 5
Let c(b) = -1 + b**3 - b + 3*b + 4*b - 3*b**2 - 7*b. Let f(l) = -2*l - 10. Let r be f(-7). List the prime factors of c(r).
11
Suppose -2*j - 6 = 4*c - 26, c - 6 = -j. Let p = j - -5. What are the prime factors of p?
7
What are the prime factors of (-47 - -5)/((-4)/2)?
3, 7
Let y(b) = b**2 + 6*b - 11. Let u be y(-8). Suppose -3 - 12 = -u*i, 0 = -5*r + 2*i + 24. Suppose -r*a + a + 50 = 0. What are the prime factors of a?
2, 5
Suppose -80 = 4*j + 12. Let m = -14 - j. List the prime factors of 2/(-1) + m + 1.
2
Suppose -30 + 81 = f. Let s = f + -32. What are the prime factors of s?
19
Let z be 3/(-6)*46*1. Let i = 10 - z. What are the prime factors of i?
3, 11
Let t be (-21)/(-2)*(-22)/11. Let q = t + 23. List the prime factors of q.
2
Let u be (6 + -5)*(-1 + 9). Let y = 13 - u. List the prime factors of y.
5
Let s = 50 + -30. Suppose -6*c + 4*c + 92 = -2*t, 4*t 